 354. What is the tens digit of q?
6
Let w = 192 - -616. Let z = w + -384. What is the units digit of z?
4
Suppose 6*r + 720 = 22*r. Suppose n - 160 = -r. What is the hundreds digit of n?
1
Let p(v) = -2*v**2 - 7*v - 23. Let y be p(-3). Let l(z) = -2*z**3 - 36*z**2 + 36*z - 8. What is the units digit of l(y)?
2
Suppose 0 = 18*l + 19 - 91. Suppose 176 = 2*f - m - m, -l*f + 2*m = -358. What is the tens digit of f?
9
Let b(c) = c**2 + 6*c - 12. Let n be b(-12). Let h = 206 - n. What is the tens digit of h?
4
Let b(g) = -17*g + 68. Let a be b(4). What is the units digit of a + ((-4)/(-26) - 3482/(-13))?
8
Let x = 219 + -219. Suppose -13*w - 98 + 2503 = x. What is the hundreds digit of w?
1
Let f(x) = 44*x + 34*x - 118*x - 203. What is the units digit of f(-21)?
7
Suppose 3251129 = 297*c - 5207728. What is the ten thousands digit of c?
2
Suppose -3*w - 4*v = 66, 15 + 15 = -2*w + 2*v. Let q(b) = -b - 19. Let u be q(w). What is the hundreds digit of 234*u*(-10)/15?
1
Let j = -51 - -131. Let d = j + -72. Suppose -h + 85 = -k, 18 = -2*k + d. What is the units digit of h?
0
Let x be (-6800)/(-15)*9/(-6). What is the units digit of (-2)/17 + (-391760)/x?
6
Let z(i) = -23*i**3 + 4*i**2 - 27*i - 1. Let a(k) = 23*k**3 - 4*k**2 + 30*k + 2. Let c(h) = -2*a(h) - 3*z(h). What is the thousands digit of c(4)?
1
Let j(x) = -5966*x**3 + 2*x**2 - 367*x - 369. What is the units digit of j(-1)?
6
Let k(j) = 6*j**3 - 17*j**2 - 8*j + 31. Let c(n) = 3*n**3 - 9*n**2 - 4*n + 16. Let x(u) = -11*c(u) + 6*k(u). What is the units digit of x(5)?
0
Suppose 8*z + 18*z + 10816 = 0. Let d = z + 651. What is the units digit of d?
5
Let t = 281 - 265. Suppose t*h = 17*h - 217. What is the units digit of h?
7
Suppose -407*s + 404*s = -6543. What is the thousands digit of s?
2
Let j = 3011 + -2134. Let g = j + -584. What is the hundreds digit of g?
2
Suppose 6*q - 4*q - 2*t - 14 = 0, -2*t = 2*q - 34. What is the units digit of 2859/2*8/q?
3
Let n(p) = 63*p**2 + 50*p + 263. What is the units digit of n(-11)?
6
Suppose -4*v - 18 = -3*y - 2*y, -10 = -3*y + 2*v. Suppose -4*j = j - y*h - 6036, -1203 = -j - h. Suppose -5*q = q - j. What is the tens digit of q?
0
Suppose 0 = o - 0 - 5. Let f(r) be the first derivative of 2*r**3/3 + r**2 - 4*r - 25. What is the tens digit of f(o)?
5
Suppose 851*w - 18744136 - 10315194 - 22778484 = 0. What is the tens digit of w?
1
Let j be 24/(-18)*801/(-6). Suppose -2*b + 2 = 0, -2*r + 3 = b + j. Let k = r - -347. What is the units digit of k?
9
Suppose 0 = -b - 4*s + 10511, -20*s + 10*s = -b + 10483. What is the thousands digit of b?
0
Suppose -893*l + 868*l + 350100 = 0. What is the thousands digit of l?
4
Let u be 1 + ((-16)/(-28))/((-2)/(-7)). Suppose -5*h = 10, -u*l - 68 = -6*l - 2*h. What is the hundreds digit of l/(-56) + (-1854)/(-14)?
1
Let t = 112 + -157. Let o = 48 + t. What is the tens digit of ((-8)/o + -2)/((-17)/51)?
1
Let r = 157 + -66. Suppose -5*q = -4*q - 3*k - 31, -5*q = k - r. What is the tens digit of q?
1
Suppose -28*o = -27*o, -4*m + 5*o + 83732 = 0. What is the ten thousands digit of m?
2
Let v(s) = -96*s + 204. Let b(k) = 2*k**3 + 7*k**2 + 7*k + 6. Let d be b(-3). What is the units digit of v(d)?
0
Let q = 10919 - 7265. What is the hundreds digit of q?
6
Suppose -10 = 6*o + 38. What is the units digit of 3933/92 - 2/o?
3
Let z(q) = 145*q + 42. Let u be z(14). Suppose 6 = -6*k + 9*k, 3*l - u = 2*k. What is the units digit of l?
2
Let q(t) = -3*t**3 + t + 1. Let s be q(-1). Suppose -w - 29 = -5*x, -5*x - s*w + 9 = w. Suppose 10*r - 100 = x*r. What is the units digit of r?
0
Suppose -14*q + 1513 = -1455. Let p = 47 + q. What is the tens digit of p?
5
Suppose 93 = -x - 14. Let u = 18 - x. Let q = -22 + u. What is the hundreds digit of q?
1
Suppose -47*r - 20287595 = -442*r. What is the units digit of r?
1
Suppose -41*b + 61*b - 253080 = 0. What is the thousands digit of b?
2
Suppose -3*g = -5*y + 121, 3*y - 175 = -4*g + 9*g. What is the tens digit of 5194/16 + ((-12)/g)/1?
2
Suppose -9*d = 67 - 202. Suppose 0 + 0 = -d*l. What is the tens digit of l - (-1)/(4/236)?
5
Let h(y) = -4*y**3 + 68*y**2 + 121*y - 25. What is the tens digit of h(17)?
3
Let y be -6*4/24*2. Let u be (1 + 1 + y)*-1. Suppose u*r - 8*r + 752 = 0. What is the units digit of r?
4
Let m(y) = 7 + 10 - 26 + 81*y. Let a be m(5). Suppose 4*q = -2*q + a. What is the tens digit of q?
6
What is the tens digit of 234/(-18)*-2*59/2?
6
Let p(o) = 12*o - 63. Let n(q) = 4*q - 21. Let y(x) = 17*n(x) - 6*p(x). Suppose -s - 14 = 2*c, 3*c - 4*s + 14 = c. What is the tens digit of y(c)?
4
Suppose 23 = 2*f - 3*v, 22*v - 21*v = 7. What is the tens digit of f?
2
Suppose 0*i + 4*i + 5*n - 4 = 0, -n - 34 = -5*i. Suppose -2*m = i, 4*j - m - 1940 = 3*m. What is the units digit of j?
2
Let w = -547 + 1222. Suppose -5*b = -5*a - w, 0 = -0*b - b - 4*a + 140. Suppose 3*i - 5*r - 140 = 0, -i - 2*i + b = -4*r. What is the tens digit of i?
4
Let p = 440 - 373. Suppose p*l = 68*l - 1299. What is the tens digit of l?
9
Let m be (-15)/(-2 - 1) + -13. Let w(j) = j**2 + 17*j + 14. Let s(i) = -i**2 - 17*i - 15. Let q(r) = -5*s(r) - 6*w(r). What is the units digit of q(m)?
3
Let g be 0/(-29) + 1 + 12. Suppose -15*j + g*j = -948. What is the units digit of j?
4
Let v(c) = -2*c**3 + 50*c**2 - 32*c + 371. What is the tens digit of v(23)?
5
Suppose 24*a = 19*a - 400. Let z = 83 + a. Let q(n) = 95*n - 26. What is the tens digit of q(z)?
5
Let f be 1/1 - -170 - (6 - 1). Let k = f + -93. What is the units digit of k?
3
Suppose 0 = -2061*d + 2008*d + 522792. What is the tens digit of d?
6
Let v(p) = -p**3 + p**2 - 2*p + 2. Let o be v(1). Suppose 0 = 5*m + 4*i - 1218, o = -m + 6*m - 2*i - 1206. What is the hundreds digit of m?
2
Suppose 6*r + 188 = -508. Let x = r + 197. What is the units digit of x?
1
Suppose -4*b = -3*u - 15 - 14, -u = 4*b - 17. Suppose -4320 = b*y - 13*y. What is the units digit of y?
0
Suppose -5*n = -10, 3*a - 30*n + 27*n - 102735 = 0. What is the hundreds digit of a?
2
Suppose 2*h = 3*y - 8215, -4*y + 38*h + 10915 = 43*h. What is the hundreds digit of y?
7
Suppose -5*l + 35 = -o, 0 = -3*o - 2*l + 5*l - 105. Suppose -2*m - 27 = 5*r, -84 = 2*m + 2*m + 4*r. Let f = m - o. What is the units digit of f?
9
Let p(y) = 45*y**3 + 6*y**2 + 21*y + 27. What is the units digit of p(6)?
9
Suppose 0 = -158*n + 170*n - 89892. What is the hundreds digit of n?
4
Let i(p) = 3*p**2 + 60*p + 40. Let x(v) = v**2 + 20*v + 13. Let r(b) = -6*i(b) + 17*x(b). Let z be r(-17). Suppose 13 = 3*l - z. What is the units digit of l?
5
Suppose 0 = -6*a - 6 + 30. Suppose c + 2*o = -1, -a*c = -2*o + o - 23. Suppose -2*b + 8 = 0, -u - 3*u - c*b + 216 = 0. What is the tens digit of u?
4
Let c(i) = i**3 - 10*i**2 + 13*i + 16. Let a be c(11). Suppose -3*h + h = -a. What is the tens digit of h?
4
Let f(o) = 20*o**2 - 142*o - 1568. What is the units digit of f(-12)?
6
Suppose -65784 - 582448 = -26*t. What is the hundreds digit of t?
9
Let q = -18708 - -24597. What is the hundreds digit of q?
8
Let q be 6*((-11)/2 + 6). Suppose 5*a = q*r + 87, 0*a + 3*a = 2*r + 52. What is the tens digit of a?
1
Let h(s) = -7625*s - 15293. What is the ten thousands digit of h(-9)?
5
Suppose 30*q - 528036 = -207*q. What is the units digit of q?
8
Let l be (1 - 2/1) + 0 - 5. What is the tens digit of (l/(-18))/((-1)/(-34))*45?
1
Let d = 394 - 230. Suppose -2*q + 0*q = 3*u - 107, 4*q - d = 4*u. What is the tens digit of q?
4
Let v be -56*(-1 + 5/10). Suppose -30*b + v*b = -474. What is the hundreds digit of b?
2
Let x = 383 + -379. Suppose 0 = 5*g - 2*q - 2185, 0 = x*g - 3*g - 3*q - 437. What is the hundreds digit of g?
4
Suppose -15*w + 37 = y - 17*w, 4*y = w + 169. Let s = -7 - 15. Let n = y + s. What is the units digit of n?
1
Let d = 1051 + -639. Suppose c = 4*g - 255, 3*c + 4*g + 326 = -343. Let z = c + d. What is the tens digit of z?
8
Let y(h) = -146*h + 9. Let l be y(3). Let o = l - -603. Suppose 0 = -5*b + 921 + o. What is the hundreds digit of b?
2
Let f = -257 + 291. Let v be (24/(-10))/(2/(-25)). Suppose f*a - 572 = v*a. What is the hundreds digit of a?
1
Let w(l) = -10*l + 10. Let r(s) be the second derivative of -s**4/12 + 4*s**3/3 - 2*s**2 + s. Let f be r(9). What is the units digit of w(f)?
0
Let c(l) = l**3 - l**2 - 6*l + 5. Let j be c